{"id":1266,"date":"2026-01-29T16:18:44","date_gmt":"2026-01-29T15:18:44","guid":{"rendered":"https:\/\/wi-sys.de\/?page_id=1266"},"modified":"2026-02-11T19:55:06","modified_gmt":"2026-02-11T18:55:06","slug":"medizintechnik-pharma","status":"publish","type":"page","link":"https:\/\/wi-sys.de\/medizintechnik-pharma\/","title":{"rendered":"Medizintechnik &#038; Pharma"},"content":{"rendered":"<p>[av_heading heading=&#8217;WI SYSTEME IN DER MEDIZINTECHNIK UND PHARMABRANCHE&#8217; tag=&#8217;h3&#8242; style=&#8221; subheading_active=&#8221; show_icon=&#8221; icon=&#8217;ue800&#8242; font=&#8217;entypo-fontello&#8217; size=&#8217;12&#8217; av-desktop-font-size-title=&#8221; av-medium-font-size-title=&#8221; av-small-font-size-title=&#8221; av-mini-font-size-title=&#8221; subheading_size=&#8221; av-desktop-font-size=&#8221; av-medium-font-size=&#8221; av-small-font-size=&#8221; av-mini-font-size=&#8221; icon_size=&#8221; av-desktop-font-size-1=&#8221; av-medium-font-size-1=&#8221; av-small-font-size-1=&#8221; av-mini-font-size-1=&#8221; color=&#8217;custom-color-heading&#8217; custom_font=&#8221; subheading_color=&#8221; seperator_color=&#8221; icon_color=&#8221; margin=&#8221; margin_sync=&#8217;true&#8217; av-desktop-margin=&#8221; av-desktop-margin_sync=&#8217;true&#8217; av-medium-margin=&#8221; av-medium-margin_sync=&#8217;true&#8217; av-small-margin=&#8221; av-small-margin_sync=&#8217;true&#8217; av-mini-margin=&#8221; av-mini-margin_sync=&#8217;true&#8217; headline_padding=&#8221; headline_padding_sync=&#8217;true&#8217; av-desktop-headline_padding=&#8221; av-desktop-headline_padding_sync=&#8217;true&#8217; av-medium-headline_padding=&#8221; av-medium-headline_padding_sync=&#8217;true&#8217; av-small-headline_padding=&#8221; av-small-headline_padding_sync=&#8217;true&#8217; av-mini-headline_padding=&#8221; av-mini-headline_padding_sync=&#8217;true&#8217; padding=&#8217;10&#8217; av-desktop-padding=&#8221; av-medium-padding=&#8221; av-small-padding=&#8221; av-mini-padding=&#8221; icon_padding=&#8217;10&#8217; av-desktop-icon_padding=&#8221; av-medium-icon_padding=&#8221; av-small-icon_padding=&#8221; av-mini-icon_padding=&#8221; link=&#8221; link_target=&#8221; title_attr=&#8221; id=&#8221; custom_class=&#8221; template_class=&#8221; av_uid=&#8217;av-mkzogsz2&#8242; sc_version=&#8217;1.0&#8242; admin_preview_bg=&#8221;][\/av_heading]<\/p>\n<p>[av_textblock fold_type=&#8221; fold_height=&#8221; fold_more=&#8217;Weiterlesen&#8217; fold_less=&#8217;Read less&#8217; fold_text_style=&#8221; fold_btn_align=&#8221; textblock_styling_align=&#8221; textblock_styling=&#8221; textblock_styling_gap=&#8221; textblock_styling_mobile=&#8221; size=&#8221; av-desktop-font-size=&#8221; av-medium-font-size=&#8221; av-small-font-size=&#8221; av-mini-font-size=&#8221; font_color=&#8221; color=&#8221; fold_overlay_color=&#8221; fold_text_color=&#8221; fold_btn_color=&#8217;theme-color&#8217; fold_btn_bg_color=&#8221; fold_btn_font_color=&#8221; size-btn-text=&#8221; av-desktop-font-size-btn-text=&#8221; av-medium-font-size-btn-text=&#8221; av-small-font-size-btn-text=&#8221; av-mini-font-size-btn-text=&#8221; fold_timer=&#8221; z_index_fold=&#8221; id=&#8221; custom_class=&#8221; template_class=&#8221; av_uid=&#8217;av-mlicm6ff&#8217; sc_version=&#8217;1.0&#8242; admin_preview_bg=&#8221;]<br \/>\nVon der Herstellung und Distribution von Arzneimitteln und medizinischen Produkten bis hin zur Sicherstellung von Patientensicherheit: Datenerfassung im Gesundheitswesen wird immer wichtiger \u2013 und \u00fcberall kommen L\u00f6sungen von Datalogic zum Einsatz: Vision-Systeme stellen sicher, dass Beh\u00e4lter versiegelt sind und kontrollieren Etiketten, Lasermarkierer markieren chirurgische Instrumente, Mobilcomputer unterst\u00fctzen Prozesse und kontrollieren Best\u00e4nde, Handscanner identifizieren Patienten und ordnen ihnen die richtige Behandlung und Medikation zu.<\/p>\n<p>Datalogics Produkte f\u00fcr das Gesundheitswesen zeichnen sich durch viele Innovationen aus \u2013 etwa durch antimikrobiell behandelte Geh\u00e4use, die auch einer t\u00e4glichen Reinigung mit scharfen Desinfektionsmitteln standhalten und somit der Verbreitung von Infektionen Vorschub leisten.<\/p>\n<p>APOTHEKEN<\/p>\n<p>Der Kassenbereich in Apotheken bietet h\u00e4ufig wenig Platz f\u00fcr Barcode-Scanner. Aus diesem Grund sind hier kleine L\u00f6sungen mit hoher Leistungseffizienz gefragt. Die Datalogic L\u00f6sungen f\u00fcr diesen Anwendungsbereich beinhalten daher kompakte Pr\u00e4sentationsscanner mit 2D-Imager Technologie zur Erfassung von kleinen, schwer lesbaren 2D-Codes.<\/p>\n<p>KRANKENH\u00c4USER-LABORS<\/p>\n<p>Krankenh\u00e4user und andere Einrichtungen des Gesundheitswesens nutzen Datalogic-L\u00f6sungen, um eine bestm\u00f6gliche Patientensicherheit zu gew\u00e4hrleisten: In der Aufnahme bekommt jeder Patient ein Armband, das mit einem eineindeutigen Barcode versehen ist. So ist er jederzeit durch einfaches Scannen sicher identifizierbar. Mittels Anbindung an das KIS (Krankenhausinformationssystem) kann sichergestellt werden, dass die richtige Medikation und die richtige Behandlung erfolgt oder die richtige Laborprobe zugewiesen werden kann. Fehler und Verwechslungen werden somit ausgeschlossen.<\/p>\n<p>PHARMAZEUTISCHER SEKTOR<\/p>\n<p>Damit Krankenh\u00e4usern, Pflegeeinrichtungen, Apotheken und Patienten zuverl\u00e4ssig mit lebensrettenden Produkten und Medikamenten werden k\u00f6nnen, bedarf es einer verl\u00e4sslichen Produktion und Distribution. Um sicherzustellen, dass diese Produkte exakt nach Vorgaben hergestellt werden, kommen entlang der gesamten Lieferkette Bildverarbeitungs- und Kennzeichnungssysteme von Datalogic zu Einsatz, die die Prozesse \u00fcberwachen und dokumentieren sowie Produkte etikettieren und r\u00fcckverfolgbar machen: station\u00e4re Kameras, Handscanner und Mobilcomputer von Datalogic lesen und verifizieren Losnummern, Herstellungsinformationen, Verfallsdaten usw., die in 2D-Barcodes auf dem Produkt, dem Karton oder der Palette gespeichert sind.<\/p>\n<p class=\"subline\">VERIFIER UND PR\u00dcFSYSTEME F\u00dcR HOHE ERSTLESERATE<\/p>\n<div>\n<p>Die Sicherstellung hoher Erstleseraten in automatisierten UDI-Prozessen macht die Einhaltung von hoher Codequalita\u0308t und geltender Normen zwingend erforderlich. Um sicherzustellen, dass Kennzeichnungen und Codes fehlerfrei sind und der MDR-Standard eingehalten wird, kommen Codepru\u0308fgera\u0308te von REA VERIFIER zum Einsatz. Jede Kennzeichnung erha\u0308lt auf diese Weise einen Abnahmepru\u0308fbericht.<\/p>\n<p>Wir beraten Sie gerne!<\/p>\n<\/div>\n<p>[\/av_textblock]<\/p>\n<p>[av_textblock fold_type=&#8221; fold_height=&#8221; fold_more=&#8217;Weiterlesen&#8217; fold_less=&#8217;Read less&#8217; fold_text_style=&#8221; fold_btn_align=&#8221; textblock_styling_align=&#8221; textblock_styling=&#8221; textblock_styling_gap=&#8221; textblock_styling_mobile=&#8221; size=&#8221; av-desktop-font-size=&#8221; av-medium-font-size=&#8221; av-small-font-size=&#8221; av-mini-font-size=&#8221; font_color=&#8221; color=&#8221; fold_overlay_color=&#8221; fold_text_color=&#8221; fold_btn_color=&#8217;theme-color&#8217; fold_btn_bg_color=&#8221; fold_btn_font_color=&#8221; size-btn-text=&#8221; av-desktop-font-size-btn-text=&#8221; av-medium-font-size-btn-text=&#8221; av-small-font-size-btn-text=&#8221; av-mini-font-size-btn-text=&#8221; fold_timer=&#8221; z_index_fold=&#8221; id=&#8221; custom_class=&#8221; template_class=&#8221; av_uid=&#8217;av-mkzofivj&#8217; sc_version=&#8217;1.0&#8242; admin_preview_bg=&#8221;]<\/p>\n<div><\/div>\n<p>[\/av_textblock]<\/p>\n<p>[av_image src=&#8217;https:\/\/wi-sys.de\/wp-content\/uploads\/2026\/02\/rea-vericube-pen.fcc3a918-1-300&#215;194.webp&#8217; attachment=&#8217;1307&#8242; attachment_size=&#8217;medium&#8217; copyright=&#8221; caption=&#8221; image_size=&#8221; styling=&#8221; box_shadow=&#8217;none&#8217; box_shadow_width=&#8217;10&#8217; box_shadow_color=&#8221; align=&#8217;center&#8217; font_size=&#8221; overlay_opacity=&#8217;0.4&#8242; overlay_color=&#8217;#000000&#8242; overlay_text_color=&#8217;#ffffff&#8217; link=&#8221; target=&#8221; animation=&#8217;no-animation&#8217; animation_duration=&#8221; animation_custom_bg_color=&#8221; animation_z_index_curtain=&#8217;100&#8242; parallax_parallax=&#8221; parallax_parallax_speed=&#8221; av-desktop-parallax_parallax=&#8221; av-desktop-parallax_parallax_speed=&#8221; av-medium-parallax_parallax=&#8221; av-medium-parallax_parallax_speed=&#8221; av-small-parallax_parallax=&#8221; av-small-parallax_parallax_speed=&#8221; av-mini-parallax_parallax=&#8221; av-mini-parallax_parallax_speed=&#8221; hover=&#8221; blur_image=&#8221; grayscale_image=&#8221; fade_image=&#8221; appearance=&#8221; css_position=&#8221; css_position_location=&#8217;,,,&#8217; css_position_z_index=&#8221; av-desktop-css_position=&#8221; av-desktop-css_position_location=&#8217;,,,&#8217; av-desktop-css_position_z_index=&#8221; av-medium-css_position=&#8221; av-medium-css_position_location=&#8217;,,,&#8217; av-medium-css_position_z_index=&#8221; av-small-css_position=&#8221; av-small-css_position_location=&#8217;,,,&#8217; av-small-css_position_z_index=&#8221; av-mini-css_position=&#8221; av-mini-css_position_location=&#8217;,,,&#8217; av-mini-css_position_z_index=&#8221; transform_perspective=&#8221; transform_rotation=&#8217;,,,&#8217; transform_scale=&#8217;,,&#8217; transform_skew=&#8217;,&#8217; transform_translate=&#8217;,,&#8217; av-desktop-transform_perspective=&#8221; av-desktop-transform_rotation=&#8217;,,,&#8217; av-desktop-transform_scale=&#8217;,,&#8217; av-desktop-transform_skew=&#8217;,&#8217; av-desktop-transform_translate=&#8217;,,&#8217; av-medium-transform_perspective=&#8221; av-medium-transform_rotation=&#8217;,,,&#8217; av-medium-transform_scale=&#8217;,,&#8217; av-medium-transform_skew=&#8217;,&#8217; av-medium-transform_translate=&#8217;,,&#8217; av-small-transform_perspective=&#8221; av-small-transform_rotation=&#8217;,,,&#8217; av-small-transform_scale=&#8217;,,&#8217; av-small-transform_skew=&#8217;,&#8217; av-small-transform_translate=&#8217;,,&#8217; av-mini-transform_perspective=&#8221; av-mini-transform_rotation=&#8217;,,,&#8217; av-mini-transform_scale=&#8217;,,&#8217; av-mini-transform_skew=&#8217;,&#8217; av-mini-transform_translate=&#8217;,,&#8217; mask_overlay=&#8221; mask_overlay_shape=&#8217;blob&#8217; mask_overlay_size=&#8217;contain&#8217; mask_overlay_scale=&#8217;100%&#8217; mask_overlay_position=&#8217;center center&#8217; mask_overlay_repeat=&#8217;no-repeat&#8217; mask_overlay_rotate=&#8221; mask_overlay_rad_shape=&#8217;circle&#8217; mask_overlay_rad_position=&#8217;center center&#8217; mask_overlay_opacity1=&#8217;0&#8242; mask_overlay_opacity2=&#8217;1&#8242; mask_overlay_opacity3=&#8221; title_attr=&#8221; alt_attr=&#8221; img_scrset=&#8221; lazy_loading=&#8217;disabled&#8217; id=&#8221; custom_class=&#8221; template_class=&#8221; av_element_hidden_in_editor=&#8217;0&#8242; av_uid=&#8217;av-mlici5n8&#8242; sc_version=&#8217;1.0&#8242; admin_preview_bg=&#8221;][\/av_image]<\/p>\n<p>[av_textblock fold_type=&#8221; fold_height=&#8221; fold_more=&#8217;Weiterlesen&#8217; fold_less=&#8217;Read less&#8217; fold_text_style=&#8221; fold_btn_align=&#8221; textblock_styling_align=&#8221; textblock_styling=&#8221; textblock_styling_gap=&#8221; textblock_styling_mobile=&#8221; size=&#8221; av-desktop-font-size=&#8221; av-medium-font-size=&#8221; av-small-font-size=&#8221; av-mini-font-size=&#8221; font_color=&#8221; color=&#8221; fold_overlay_color=&#8221; fold_text_color=&#8221; fold_btn_color=&#8217;theme-color&#8217; fold_btn_bg_color=&#8221; fold_btn_font_color=&#8221; size-btn-text=&#8221; av-desktop-font-size-btn-text=&#8221; av-medium-font-size-btn-text=&#8221; av-small-font-size-btn-text=&#8221; av-mini-font-size-btn-text=&#8221; fold_timer=&#8221; z_index_fold=&#8221; id=&#8221; custom_class=&#8221; template_class=&#8221; av_uid=&#8217;av-mlicnbaq&#8217; sc_version=&#8217;1.0&#8242; admin_preview_bg=&#8221;]<br \/>\nBildquelle: REA<br \/>\n[\/av_textblock]<\/p>\n","protected":false},"excerpt":{"rendered":"<p>[av_heading heading=&#8217;WI SYSTEME IN DER MEDIZINTECHNIK UND PHARMABRANCHE&#8217; tag=&#8217;h3&#8242; style=&#8221; subheading_active=&#8221; show_icon=&#8221; icon=&#8217;ue800&#8242; font=&#8217;entypo-fontello&#8217; size=&#8217;12&#8217; av-desktop-font-size-title=&#8221; av-medium-font-size-title=&#8221; av-small-font-size-title=&#8221; av-mini-font-size-title=&#8221; subheading_size=&#8221; av-desktop-font-size=&#8221; av-medium-font-size=&#8221; av-small-font-size=&#8221; av-mini-font-size=&#8221; icon_size=&#8221; av-desktop-font-size-1=&#8221; av-medium-font-size-1=&#8221; av-small-font-size-1=&#8221; av-mini-font-size-1=&#8221; color=&#8217;custom-color-heading&#8217; custom_font=&#8221; subheading_color=&#8221; seperator_color=&#8221; icon_color=&#8221; margin=&#8221; margin_sync=&#8217;true&#8217; av-desktop-margin=&#8221; av-desktop-margin_sync=&#8217;true&#8217; av-medium-margin=&#8221; av-medium-margin_sync=&#8217;true&#8217; av-small-margin=&#8221; av-small-margin_sync=&#8217;true&#8217; av-mini-margin=&#8221; av-mini-margin_sync=&#8217;true&#8217; headline_padding=&#8221; headline_padding_sync=&#8217;true&#8217; av-desktop-headline_padding=&#8221; av-desktop-headline_padding_sync=&#8217;true&#8217; av-medium-headline_padding=&#8221; av-medium-headline_padding_sync=&#8217;true&#8217; av-small-headline_padding=&#8221; av-small-headline_padding_sync=&#8217;true&#8217; av-mini-headline_padding=&#8221; av-mini-headline_padding_sync=&#8217;true&#8217; padding=&#8217;10&#8217; [&hellip;]<\/p>\n","protected":false},"author":2,"featured_media":0,"parent":0,"menu_order":0,"comment_status":"closed","ping_status":"closed","template":"","meta":{"site-sidebar-layout":"default","site-content-layout":"","ast-site-content-layout":"default","site-content-style":"default","site-sidebar-style":"default","ast-global-header-display":"","ast-banner-title-visibility":"","ast-main-header-display":"","ast-hfb-above-header-display":"","ast-hfb-below-header-display":"","ast-hfb-mobile-header-display":"","site-post-title":"","ast-breadcrumbs-content":"","ast-featured-img":"","footer-sml-layout":"","ast-disable-related-posts":"","theme-transparent-header-meta":"","adv-header-id-meta":"","stick-header-meta":"","header-above-stick-meta":"","header-main-stick-meta":"","header-below-stick-meta":"","astra-migrate-meta-layouts":"default","ast-page-background-enabled":"default","ast-page-background-meta":{"desktop":{"background-color":"","background-image":"","background-repeat":"repeat","background-position":"center center","background-size":"auto","background-attachment":"scroll","background-type":"","background-media":"","overlay-type":"","overlay-color":"","overlay-opacity":"","overlay-gradient":""},"tablet":{"background-color":"","background-image":"","background-repeat":"repeat","background-position":"center center","background-size":"auto","background-attachment":"scroll","background-type":"","background-media":"","overlay-type":"","overlay-color":"","overlay-opacity":"","overlay-gradient":""},"mobile":{"background-color":"","background-image":"","background-repeat":"repeat","background-position":"center center","background-size":"auto","background-attachment":"scroll","background-type":"","background-media":"","overlay-type":"","overlay-color":"","overlay-opacity":"","overlay-gradient":""}},"ast-content-background-meta":{"desktop":{"background-color":"var(--ast-global-color-5)","background-image":"","background-repeat":"repeat","background-position":"center center","background-size":"auto","background-attachment":"scroll","background-type":"","background-media":"","overlay-type":"","overlay-color":"","overlay-opacity":"","overlay-gradient":""},"tablet":{"background-color":"var(--ast-global-color-5)","background-image":"","background-repeat":"repeat","background-position":"center center","background-size":"auto","background-attachment":"scroll","background-type":"","background-media":"","overlay-type":"","overlay-color":"","overlay-opacity":"","overlay-gradient":""},"mobile":{"background-color":"var(--ast-global-color-5)","background-image":"","background-repeat":"repeat","background-position":"center center","background-size":"auto","background-attachment":"scroll","background-type":"","background-media":"","overlay-type":"","overlay-color":"","overlay-opacity":"","overlay-gradient":""}},"footnotes":""},"class_list":["post-1266","page","type-page","status-publish","hentry"],"yoast_head":"<!-- This site is optimized with the Yoast SEO plugin v26.8 - https:\/\/yoast.com\/product\/yoast-seo-wordpress\/ -->\n<title>Medizintechnik &amp; Pharma - wi-sys<\/title>\n<meta name=\"robots\" content=\"index, follow, max-snippet:-1, max-image-preview:large, max-video-preview:-1\" \/>\n<link rel=\"canonical\" href=\"https:\/\/wi-sys.de\/medizintechnik-pharma\/\" \/>\n<meta property=\"og:locale\" content=\"en_US\" \/>\n<meta property=\"og:type\" content=\"article\" \/>\n<meta property=\"og:title\" content=\"Medizintechnik &amp; Pharma - wi-sys\" \/>\n<meta property=\"og:description\" content=\"[av_heading heading=&#8217;WI SYSTEME IN DER MEDIZINTECHNIK UND PHARMABRANCHE&#8217; tag=&#8217;h3&#8242; style=&#8221; subheading_active=&#8221; show_icon=&#8221; icon=&#8217;ue800&#8242; font=&#8217;entypo-fontello&#8217; size=&#8217;12&#8217; av-desktop-font-size-title=&#8221; av-medium-font-size-title=&#8221; av-small-font-size-title=&#8221; av-mini-font-size-title=&#8221; subheading_size=&#8221; av-desktop-font-size=&#8221; av-medium-font-size=&#8221; av-small-font-size=&#8221; av-mini-font-size=&#8221; icon_size=&#8221; av-desktop-font-size-1=&#8221; av-medium-font-size-1=&#8221; av-small-font-size-1=&#8221; av-mini-font-size-1=&#8221; color=&#8217;custom-color-heading&#8217; custom_font=&#8221; subheading_color=&#8221; seperator_color=&#8221; icon_color=&#8221; margin=&#8221; margin_sync=&#8217;true&#8217; av-desktop-margin=&#8221; av-desktop-margin_sync=&#8217;true&#8217; av-medium-margin=&#8221; av-medium-margin_sync=&#8217;true&#8217; av-small-margin=&#8221; av-small-margin_sync=&#8217;true&#8217; av-mini-margin=&#8221; av-mini-margin_sync=&#8217;true&#8217; headline_padding=&#8221; headline_padding_sync=&#8217;true&#8217; av-desktop-headline_padding=&#8221; av-desktop-headline_padding_sync=&#8217;true&#8217; av-medium-headline_padding=&#8221; av-medium-headline_padding_sync=&#8217;true&#8217; av-small-headline_padding=&#8221; av-small-headline_padding_sync=&#8217;true&#8217; av-mini-headline_padding=&#8221; av-mini-headline_padding_sync=&#8217;true&#8217; padding=&#8217;10&#8217; [&hellip;]\" \/>\n<meta property=\"og:url\" content=\"https:\/\/wi-sys.de\/medizintechnik-pharma\/\" \/>\n<meta property=\"og:site_name\" content=\"wi-sys\" \/>\n<meta property=\"article:modified_time\" content=\"2026-02-11T18:55:06+00:00\" \/>\n<meta name=\"twitter:card\" content=\"summary_large_image\" \/>\n<meta name=\"twitter:label1\" content=\"Est. reading time\" \/>\n\t<meta name=\"twitter:data1\" content=\"3 minutes\" \/>\n<script type=\"application\/ld+json\" class=\"yoast-schema-graph\">{\"@context\":\"https:\/\/schema.org\",\"@graph\":[{\"@type\":\"WebPage\",\"@id\":\"https:\/\/wi-sys.de\/medizintechnik-pharma\/\",\"url\":\"https:\/\/wi-sys.de\/medizintechnik-pharma\/\",\"name\":\"Medizintechnik & Pharma - wi-sys\",\"isPartOf\":{\"@id\":\"https:\/\/wi-sys.de\/#website\"},\"datePublished\":\"2026-01-29T15:18:44+00:00\",\"dateModified\":\"2026-02-11T18:55:06+00:00\",\"breadcrumb\":{\"@id\":\"https:\/\/wi-sys.de\/medizintechnik-pharma\/#breadcrumb\"},\"inLanguage\":\"en-US\",\"potentialAction\":[{\"@type\":\"ReadAction\",\"target\":[\"https:\/\/wi-sys.de\/medizintechnik-pharma\/\"]}]},{\"@type\":\"BreadcrumbList\",\"@id\":\"https:\/\/wi-sys.de\/medizintechnik-pharma\/#breadcrumb\",\"itemListElement\":[{\"@type\":\"ListItem\",\"position\":1,\"name\":\"Startseite\",\"item\":\"https:\/\/wi-sys.de\/\"},{\"@type\":\"ListItem\",\"position\":2,\"name\":\"Medizintechnik &#038; Pharma\"}]},{\"@type\":\"WebSite\",\"@id\":\"https:\/\/wi-sys.de\/#website\",\"url\":\"https:\/\/wi-sys.de\/\",\"name\":\"wi-sys\",\"description\":\"\",\"publisher\":{\"@id\":\"https:\/\/wi-sys.de\/#organization\"},\"potentialAction\":[{\"@type\":\"SearchAction\",\"target\":{\"@type\":\"EntryPoint\",\"urlTemplate\":\"https:\/\/wi-sys.de\/?s={search_term_string}\"},\"query-input\":{\"@type\":\"PropertyValueSpecification\",\"valueRequired\":true,\"valueName\":\"search_term_string\"}}],\"inLanguage\":\"en-US\"},{\"@type\":\"Organization\",\"@id\":\"https:\/\/wi-sys.de\/#organization\",\"name\":\"wi-sys\",\"url\":\"https:\/\/wi-sys.de\/\",\"logo\":{\"@type\":\"ImageObject\",\"inLanguage\":\"en-US\",\"@id\":\"https:\/\/wi-sys.de\/#\/schema\/logo\/image\/\",\"url\":\"https:\/\/wi-sys.de\/wp-content\/uploads\/2024\/10\/cropped-cropped-cropped-Wisys-Logo-mail-1.bmp\",\"contentUrl\":\"https:\/\/wi-sys.de\/wp-content\/uploads\/2024\/10\/cropped-cropped-cropped-Wisys-Logo-mail-1.bmp\",\"width\":1125,\"height\":271,\"caption\":\"wi-sys\"},\"image\":{\"@id\":\"https:\/\/wi-sys.de\/#\/schema\/logo\/image\/\"}}]}<\/script>\n<!-- \/ Yoast SEO plugin. -->","yoast_head_json":{"title":"Medizintechnik & Pharma - wi-sys","robots":{"index":"index","follow":"follow","max-snippet":"max-snippet:-1","max-image-preview":"max-image-preview:large","max-video-preview":"max-video-preview:-1"},"canonical":"https:\/\/wi-sys.de\/medizintechnik-pharma\/","og_locale":"en_US","og_type":"article","og_title":"Medizintechnik & Pharma - wi-sys","og_description":"[av_heading heading=&#8217;WI SYSTEME IN DER MEDIZINTECHNIK UND PHARMABRANCHE&#8217; tag=&#8217;h3&#8242; style=&#8221; subheading_active=&#8221; show_icon=&#8221; icon=&#8217;ue800&#8242; font=&#8217;entypo-fontello&#8217; size=&#8217;12&#8217; av-desktop-font-size-title=&#8221; av-medium-font-size-title=&#8221; av-small-font-size-title=&#8221; av-mini-font-size-title=&#8221; subheading_size=&#8221; av-desktop-font-size=&#8221; av-medium-font-size=&#8221; av-small-font-size=&#8221; av-mini-font-size=&#8221; icon_size=&#8221; av-desktop-font-size-1=&#8221; av-medium-font-size-1=&#8221; av-small-font-size-1=&#8221; av-mini-font-size-1=&#8221; color=&#8217;custom-color-heading&#8217; custom_font=&#8221; subheading_color=&#8221; seperator_color=&#8221; icon_color=&#8221; margin=&#8221; margin_sync=&#8217;true&#8217; av-desktop-margin=&#8221; av-desktop-margin_sync=&#8217;true&#8217; av-medium-margin=&#8221; av-medium-margin_sync=&#8217;true&#8217; av-small-margin=&#8221; av-small-margin_sync=&#8217;true&#8217; av-mini-margin=&#8221; av-mini-margin_sync=&#8217;true&#8217; headline_padding=&#8221; headline_padding_sync=&#8217;true&#8217; av-desktop-headline_padding=&#8221; av-desktop-headline_padding_sync=&#8217;true&#8217; av-medium-headline_padding=&#8221; av-medium-headline_padding_sync=&#8217;true&#8217; av-small-headline_padding=&#8221; av-small-headline_padding_sync=&#8217;true&#8217; av-mini-headline_padding=&#8221; av-mini-headline_padding_sync=&#8217;true&#8217; padding=&#8217;10&#8217; [&hellip;]","og_url":"https:\/\/wi-sys.de\/medizintechnik-pharma\/","og_site_name":"wi-sys","article_modified_time":"2026-02-11T18:55:06+00:00","twitter_card":"summary_large_image","twitter_misc":{"Est. reading time":"3 minutes"},"schema":{"@context":"https:\/\/schema.org","@graph":[{"@type":"WebPage","@id":"https:\/\/wi-sys.de\/medizintechnik-pharma\/","url":"https:\/\/wi-sys.de\/medizintechnik-pharma\/","name":"Medizintechnik & Pharma - wi-sys","isPartOf":{"@id":"https:\/\/wi-sys.de\/#website"},"datePublished":"2026-01-29T15:18:44+00:00","dateModified":"2026-02-11T18:55:06+00:00","breadcrumb":{"@id":"https:\/\/wi-sys.de\/medizintechnik-pharma\/#breadcrumb"},"inLanguage":"en-US","potentialAction":[{"@type":"ReadAction","target":["https:\/\/wi-sys.de\/medizintechnik-pharma\/"]}]},{"@type":"BreadcrumbList","@id":"https:\/\/wi-sys.de\/medizintechnik-pharma\/#breadcrumb","itemListElement":[{"@type":"ListItem","position":1,"name":"Startseite","item":"https:\/\/wi-sys.de\/"},{"@type":"ListItem","position":2,"name":"Medizintechnik &#038; Pharma"}]},{"@type":"WebSite","@id":"https:\/\/wi-sys.de\/#website","url":"https:\/\/wi-sys.de\/","name":"wi-sys","description":"","publisher":{"@id":"https:\/\/wi-sys.de\/#organization"},"potentialAction":[{"@type":"SearchAction","target":{"@type":"EntryPoint","urlTemplate":"https:\/\/wi-sys.de\/?s={search_term_string}"},"query-input":{"@type":"PropertyValueSpecification","valueRequired":true,"valueName":"search_term_string"}}],"inLanguage":"en-US"},{"@type":"Organization","@id":"https:\/\/wi-sys.de\/#organization","name":"wi-sys","url":"https:\/\/wi-sys.de\/","logo":{"@type":"ImageObject","inLanguage":"en-US","@id":"https:\/\/wi-sys.de\/#\/schema\/logo\/image\/","url":"https:\/\/wi-sys.de\/wp-content\/uploads\/2024\/10\/cropped-cropped-cropped-Wisys-Logo-mail-1.bmp","contentUrl":"https:\/\/wi-sys.de\/wp-content\/uploads\/2024\/10\/cropped-cropped-cropped-Wisys-Logo-mail-1.bmp","width":1125,"height":271,"caption":"wi-sys"},"image":{"@id":"https:\/\/wi-sys.de\/#\/schema\/logo\/image\/"}}]}},"_links":{"self":[{"href":"https:\/\/wi-sys.de\/wp-json\/wp\/v2\/pages\/1266","targetHints":{"allow":["GET"]}}],"collection":[{"href":"https:\/\/wi-sys.de\/wp-json\/wp\/v2\/pages"}],"about":[{"href":"https:\/\/wi-sys.de\/wp-json\/wp\/v2\/types\/page"}],"author":[{"embeddable":true,"href":"https:\/\/wi-sys.de\/wp-json\/wp\/v2\/users\/2"}],"replies":[{"embeddable":true,"href":"https:\/\/wi-sys.de\/wp-json\/wp\/v2\/comments?post=1266"}],"version-history":[{"count":9,"href":"https:\/\/wi-sys.de\/wp-json\/wp\/v2\/pages\/1266\/revisions"}],"predecessor-version":[{"id":1297,"href":"https:\/\/wi-sys.de\/wp-json\/wp\/v2\/pages\/1266\/revisions\/1297"}],"wp:attachment":[{"href":"https:\/\/wi-sys.de\/wp-json\/wp\/v2\/media?parent=1266"}],"curies":[{"name":"wp","href":"https:\/\/api.w.org\/{rel}","templated":true}]}}